- 13 = 3*h - h. Let k = h - -36. Calculate the greatest common factor of k and 9.
9
Let m be (3 - 0)*-1 - -39. Let g be 4/((-1)/(-1 - 0)). What is the greatest common factor of m and g?
4
Let w be 3*2/(6/3). Let h be w/3*(-2)/(-2). Calculate the greatest common factor of 7 and h.
1
Let k(a) = 22*a. Let p be k(1). Let h be (-4)/(-10) + 318/30. What is the highest common divisor of p and h?
11
Let j be -4 - (-292)/8*2. Calculate the highest common divisor of 23 and j.
23
Let n = 183 + -131. Calculate the highest common factor of n and 4.
4
Let i = 3 + 19. Calculate the greatest common factor of i and 55.
11
Let f = -82 + 145. What is the greatest common divisor of f and 21?
21
Let m(n) = 3*n**2 + 4*n - 2. Let k be m(1). Calculate the highest common divisor of 40 and k.
5
Let y = 47 + -34. Let p be (14/(-1))/(7 + 465/(-65)). Calculate the greatest common factor of p and y.
13
Suppose -6*g + 4*p = -g - 96, 0 = -5*g - 2*p + 72. What is the greatest common factor of g and 144?
16
Let v be (1 - (1 - 1))*154. What is the greatest common divisor of v and 22?
22
Let j = -95 - -99. What is the highest common factor of j and 1?
1
Suppose -4*p + 53 - 19 = -z, -5*p + 3*z = -46. Suppose 0 = -15*t + 18*t - 48. Calculate the greatest common factor of p and t.
8
Let h(d) = -5*d + 7 - 3*d + 3*d**2 - 2*d**2. Let i be h(13). What is the greatest common factor of i and 9?
9
Suppose 0 = -5*n + 4*n + 51. Let y = -42 - -75. Let l = y - 16. What is the highest common divisor of n and l?
17
Suppose -s - 2*s = -75. Calculate the greatest common divisor of s and 50.
25
Suppose p = 4*x - x + 44, -4*p + 3*x + 149 = 0. Let t = p + -25. Suppose 3*w - 54 - 56 = -4*y, -y - 145 = -5*w. Calculate the highest common divisor of t and w.
10
Suppose -3*k + 2*j = -207, 3*k = j + 48 + 156. Suppose 0 = -3*f + k + 53. Calculate the greatest common factor of f and 60.
20
Let a = 14 + 16. Let p(m) = m + 24. Let t be p(-12). Calculate the highest common divisor of a and t.
6
Let r(q) = -q**2 - 10*q + 3. Let k be r(-5). Calculate the highest common factor of k and 4.
4
Let r be (270/(-75))/((-6)/40). Calculate the greatest common factor of r and 60.
12
Suppose -96 = 2*p - 8*p. Calculate the greatest common divisor of p and 16.
16
Let d = 25 + -16. Calculate the greatest common divisor of 6 and d.
3
Suppose -7 = 2*a + 4*u - 57, 0 = a - 3*u. What is the highest common factor of a and 5?
5
Suppose o = 2*o - 11. Let c = 2 + 4. Suppose 2*h = 3*d - 43, -c*d + 2*h + 65 = -d. What is the greatest common factor of o and d?
11
Suppose -s - 12 = -55. Let y be (1 - s)/((-6)/3). Let c = -10 + y. Calculate the greatest common factor of c and 33.
11
Let y = -9 + 18. Calculate the greatest common divisor of y and 45.
9
Suppose x - 20 = -0*x. Suppose 159 + 91 = 5*k. What is the greatest common factor of x and k?
10
Let l(z) = z + 2. Let m be l(-1). Calculate the highest common factor of 4 and m.
1
Suppose -v - k = v - 11, 4*v + 3*k = 21. Suppose -v*j + 3*j = -30. What is the greatest common factor of j and 15?
5
Let p(s) = 7*s - 26. Let u be p(6). Calculate the greatest common divisor of u and 16.
16
Let c = 1506 - 870. Let v = -70 + -368. Let j = c + v. Calculate the highest common factor of 18 and j.
18
Let y be (-4)/(-2*(-3)/(-48)). What is the highest common factor of y and 4?
4
Let u(b) = -b**2 + 3*b + 7. Let t be u(-5). Let l be ((-3)/9)/(1/t). Let q = 5 - -6. What is the greatest common factor of q and l?
11
Let a = 19 + 0. Suppose 2*w - 1045 = -5*c, 3*c - w - 418 = c. What is the greatest common factor of a and c?
19
Suppose -420 = -0*o - o. Suppose 0 = -7*n + n + o. What is the highest common divisor of 7 and n?
7
Let c(p) = p**2 - 4*p + 11. Let n be c(5). Calculate the greatest common factor of n and 16.
16
Suppose 0*y - 18 = -2*o - 2*y, 3*o - 4*y = 20. Suppose -5*k + 16 = -3*k. What is the highest common factor of k and o?
8
Let n = 1329 - 926. Calculate the greatest common divisor of n and 13.
13
Let h(u) = -u**2 + 6*u + 5. Let p be h(7). Let z = p - -4. What is the greatest common factor of z and 6?
2
Suppose 4*a - 158 = 34. Calculate the highest common factor of a and 120.
24
Let z = 61 + -43. What is the greatest common divisor of z and 2?
2
Let g = -3 + 7. Suppose 7*u - 3*u = -g*l + 76, 2*u - 36 = -3*l. Let f = u - 9. What is the greatest common factor of 2 and f?
2
Let o = 10 + 11. Calculate the highest common divisor of 3 and o.
3
Let o be (2 - 10/(-2)) + 1. Suppose -2*p + 3*a + 23 = 2*a, 5*p + 2*a - 62 = 0. Let l be 93/p + 2/o. Calculate the highest common divisor of l and 24.
8
Suppose 3*r - 115 = -7. Calculate the greatest common divisor of r and 252.
36
Suppose 0 = -0*n - 2*n - 4. Let b be (42/(-12))/(n/4). Calculate the greatest common divisor of 21 and b.
7
Suppose 3*r + r = 0. Suppose 2*i = -5*l + 30, 2*l + i + 4*i - 12 = r. Calculate the highest common factor of 3 and l.
3
Let g be (10 - -12) + 2*-2. What is the highest common factor of 9 and g?
9
Let t(b) = -b**3 - 3*b**2 + 2*b - 2. Let i(u) = u. Let a be i(-4). Let o be t(a). What is the greatest common divisor of 48 and o?
6
Let c(r) = 4*r**2 - 9. Let i be c(3). Calculate the greatest common factor of i and 6.
3
Suppose -g = 2*m - 48, m + g = 29 - 6. What is the highest common factor of 275 and m?
25
Let c(d) = 6*d + d**2 + 8*d**2 + 3*d + d**3. Let l be c(-6). Suppose -70 = -5*j + 110. What is the highest common divisor of j and l?
18
Let n(a) = 20*a**3 + a**2 - 3*a + 2. Let r be n(1). What is the greatest common divisor of 8 and r?
4
Suppose -5*b + 4*p + 29 = 0, -5*p = -2*b - 8*p + 30. Let w = 1 + 0. Calculate the greatest common divisor of w and b.
1
Let w = 2 - 0. Suppose w*x - 25 = -2*m - 3*x, 5*m + 4*x - 20 = 0. Suppose -14 = -m*g - g. Calculate the highest common factor of g and 28.
14
Suppose -4 - 2 = -2*m. Suppose -b + 5*n - n - 12 = 0, -28 = -m*b - 4*n. Let i = -15 - -21. Calculate the greatest common divisor of i and b.
2
Let o(r) = 3*r**3 + 2*r**2 + r. Let j be o(-1). Let t = j + 3. Let a be 2/(-1)*1/(-2). Calculate the highest common factor of a and t.
1
Suppose 115 = 7*q - 2*q. Calculate the greatest common divisor of q and 161.
23
Let b(g) = g**3 + g**2 - 4*g - 4. Let c be b(4). Suppose 5*t + 56 = y + 2*y, -5*y = 3*t - 48. Calculate the highest common divisor of y and c.
12
Let x(f) = -f**2 + f + 58. Let n be x(8). What is the highest common factor of n and 3?
1
Let z = -16 - -15. Let q = 19 - z. What is the greatest common factor of 50 and q?
10
Suppose 2*v - 21 = z, 2*v + 2*v - 32 = 4*z. What is the greatest common factor of 65 and v?
13
Let j be 4*(0 + 63/4). Let x = -11 - -21. Let k = x - 3. Calculate the highest common divisor of j and k.
7
Let w(r) = r**3 + 13*r**2 - 13*r + 25. Let g be w(-14). Let m(v) = 14*v**2 - 2*v + 1. Let z be m(3). What is the highest common divisor of z and g?
11
Suppose j - h = 3*j - 5, -h = 5. Let u be -3*1 + (j - -4). Suppose -3*i = 3*a - u, a - 6*i + 2*i = 17. What is the highest common divisor of a and 1?
1
Suppose 250 = 9*i - 128. Calculate the greatest common divisor of 6 and i.
6
Let m(p) = -38*p + 1. Let x be m(-2). Let r(n) = -n**2 - 7*n + 5. Let v be r(-6). Let g = v + x. What is the highest common divisor of 8 and g?
8
Let q be 68/(-6)*(-9)/2. Suppose -3*u + 2*u + q = 0. Let h = -14 + 31. Calculate the greatest common factor of h and u.
17
Let w(x) = 7*x - 7. Let v be w(6). Suppose -4*n + 14 = 2*b, 0*b - 5*b - 7 = 3*n. Let k be (-63)/n*(-12)/9. What is the greatest common factor of v and k?
7
Suppose 2*w - w - 19 = 0. Calculate the highest common divisor of 95 and w.
19
Let n be (-16)/6*9/(-4). Let s = -8 + n. Let r be (-2)/(12/s)*15. Calculate the highest common factor of r and 55.
5
Let o = 5 - 1. Suppose 15 = 3*l - 3*t - 2*t, o*l + 15 = -5*t. Suppose l = 3*u - 8 - 40. Calculate the greatest common divisor of 144 and u.
16
Suppose b - 2*r - 305 = 0, 5*r - 110 = -2*b + 545. Let l = b - 183. What is the highest common divisor of 12 and l?
12
Suppose 2*m = 9 - 1. Calculate the highest common divisor of m and 2.
2
Suppose 4*w - 66 = -2. What is the highest common divisor of 2 and w?
2
Suppose 4*a - 195 = -5*v + a, 0 = -5*v + 4*a + 160. Suppose v = -2*p + 146. Let g = 101 + -90. What is the greatest common divisor of p and g?
11
Let b = -8 + 9. Let k be (36/42)/(b/21). Su